{"id":8288,"date":"2025-04-21T11:12:23","date_gmt":"2025-04-21T11:12:23","guid":{"rendered":"https:\/\/adambookshop.com\/?post_type=product&#038;p=8288"},"modified":"2025-05-01T00:00:05","modified_gmt":"2025-05-01T00:00:05","slug":"prufungstraining-daf-a2-goethe-zertifikat-a2-fit-in-deutsch-2","status":"publish","type":"product","link":"https:\/\/adambookshop.com\/?product=prufungstraining-daf-a2-goethe-zertifikat-a2-fit-in-deutsch-2","title":{"rendered":"Pr\u00fcfungstraining DaF A2 Goethe-Zertifikat A2: Fit in Deutsch 2"},"content":{"rendered":"<div class=\"cv-column cv-column--l-8 cv-column--m-8 cv-column--s-12 cv-product__content-column-title\">\n<h1 class=\"cv-product__title\"><span class=\"cv-product__title-info\">\u00dcbungsbuch mit L\u00f6sungen und Audios als Download<\/span><\/h1>\n<\/div>\n<div class=\"cv-column cv-column--l-8 cv-column--m-8 cv-column--s-12 cv-product__content-column-description\">\n<section class=\"cv-product__description\">\n<div class=\"cv-product__expansion-bar cv-expansion-bar\" data-component=\"TextCollapse\" data-prop-collapsed-height=\"100\" data-prop-collapsed-height-mobile=\"100\" data-prop-is-text-collapse-with-preview=\"true\" data-prop-content-id=\"collapsable-content-description-text\" data-prop-button-id=\"expand-content-button-description-text\">\n<div id=\"collapsable-content-description-text\" class=\"cv-expansion-bar__content-preview\" aria-hidden=\"false\">\n<div class=\"cv-product__description-item-description\">\n<div class=\"pim-producttext-standard\">\n<p><strong>Perfekt vorbereitet<\/strong><\/p>\n<p>Das Pr\u00fcfungstraining erm\u00f6glicht eine gezielte Vorbereitung auf das\u00a0<em>Goethe-Zertifikat A2: Fit in Deutsch 2\u00a0\u00a0<\/em>f\u00fcr Kinder und Jugendliche zwischen 12\u00a0und 16 Jahren.<\/p>\n<p>In diesem Buch stellen wir die\u00a0<em>Deutsch als Fremdsprache<\/em>-Pr\u00fcfung\u00a0<em>Fit in Deutsch 2<\/em>\u00a0vor, geben n\u00fctzliche Tipps und bieten ein umfangreiches Trainingsprogramm zur Vorbereitung. Es eignet sich sowohl f\u00fcr den Einsatz im Unterricht als auch f\u00fcr die selbstst\u00e4ndige Pr\u00fcfungsvorbereitung zu Hause.<\/p>\n<p>&nbsp;<\/p>\n<p><strong>Damit gelingt die erfolgreiche Pr\u00fcfungsvorbereitung<\/strong><\/p>\n<ul>\n<li>Im ersten Teil des Pr\u00fcfungstrainings stellen wir anhand des Modelltests 1 die vier Pr\u00fcfungsteile H\u00f6ren, Lesen, Schreiben und Sprechen vor. Zu jedem Teil gibt es\u00a0<strong>Tipps\u00a0<\/strong>f\u00fcr die Pr\u00fcfung und eine empfohlene\u00a0<strong>Strategie<\/strong>.<\/li>\n<li>F\u00fcnf weitere Modelltests bieten den Lernenden die M\u00f6glichkeit, sich durch\u00a0<strong>intensives \u00dcben<\/strong>\u00a0optimal auf die Pr\u00fcfung vorzubereiten. Die Modelltests spiegeln die Themenfelder aus der Alltagswelt der Kinder und Jugendlichen, die f\u00fcr die Pr\u00fcfung verbindlich sind.<\/li>\n<\/ul>\n<p>Die\u00a0<strong>L\u00f6sungen<\/strong>, die\u00a0<strong>Audiodateien\u00a0<\/strong>als MP3-Download sowie die\u00a0<strong>Transkripte\u00a0<\/strong>der H\u00f6rtexte finden Sie in den Webcodes auf cornelsen.de\/codes.<\/p>\n<\/div>\n<\/div>\n<\/div>\n<\/div>\n<\/section>\n<\/div>\n","protected":false},"excerpt":{"rendered":"<p>\u00dcbungsbuch mit L\u00f6sungen und Audios als Download Perfekt vorbereitet Das Pr\u00fcfungstraining erm\u00f6glicht eine gezielte Vorbereitung auf das\u00a0Goethe-Zertifikat A2: Fit in Deutsch 2\u00a0\u00a0f\u00fcr Kinder und Jugendliche zwischen 12\u00a0und 16 Jahren. In diesem Buch stellen wir die\u00a0Deutsch als Fremdsprache-Pr\u00fcfung\u00a0Fit in Deutsch 2\u00a0vor, geben n\u00fctzliche Tipps und bieten ein umfangreiches Trainingsprogramm zur Vorbereitung. Es eignet sich sowohl f\u00fcr [&hellip;]<\/p>\n","protected":false},"featured_media":8289,"comment_status":"open","ping_status":"closed","template":"","meta":{"content-type":""},"product_brand":[233],"product_cat":[193,232],"product_tag":[],"class_list":{"0":"post-8288","1":"product","2":"type-product","3":"status-publish","4":"has-post-thumbnail","6":"product_brand-cornelsen-verlag","7":"product_cat-german","8":"product_cat-zertifikat","10":"first","11":"instock","12":"taxable","13":"shipping-taxable","14":"purchasable","15":"product-type-simple"},"_links":{"self":[{"href":"https:\/\/adambookshop.com\/index.php?rest_route=\/wp\/v2\/product\/8288","targetHints":{"allow":["GET"]}}],"collection":[{"href":"https:\/\/adambookshop.com\/index.php?rest_route=\/wp\/v2\/product"}],"about":[{"href":"https:\/\/adambookshop.com\/index.php?rest_route=\/wp\/v2\/types\/product"}],"replies":[{"embeddable":true,"href":"https:\/\/adambookshop.com\/index.php?rest_route=%2Fwp%2Fv2%2Fcomments&post=8288"}],"wp:featuredmedia":[{"embeddable":true,"href":"https:\/\/adambookshop.com\/index.php?rest_route=\/wp\/v2\/media\/8289"}],"wp:attachment":[{"href":"https:\/\/adambookshop.com\/index.php?rest_route=%2Fwp%2Fv2%2Fmedia&parent=8288"}],"wp:term":[{"taxonomy":"product_brand","embeddable":true,"href":"https:\/\/adambookshop.com\/index.php?rest_route=%2Fwp%2Fv2%2Fproduct_brand&post=8288"},{"taxonomy":"product_cat","embeddable":true,"href":"https:\/\/adambookshop.com\/index.php?rest_route=%2Fwp%2Fv2%2Fproduct_cat&post=8288"},{"taxonomy":"product_tag","embeddable":true,"href":"https:\/\/adambookshop.com\/index.php?rest_route=%2Fwp%2Fv2%2Fproduct_tag&post=8288"}],"curies":[{"name":"wp","href":"https:\/\/api.w.org\/{rel}","templated":true}]}}