{"id":8162,"date":"2025-04-20T14:57:50","date_gmt":"2025-04-20T14:57:50","guid":{"rendered":"https:\/\/adambookshop.com\/?post_type=product&#038;p=8162"},"modified":"2025-05-01T00:00:04","modified_gmt":"2025-05-01T00:00:04","slug":"prufungstraining-daf-c1-goethe-zertifikat-c1-neubearbeitung","status":"publish","type":"product","link":"https:\/\/adambookshop.com\/?product=prufungstraining-daf-c1-goethe-zertifikat-c1-neubearbeitung","title":{"rendered":"Pr\u00fcfungstraining DaF C1 Goethe-Zertifikat C1 &#8211; Neubearbeitung"},"content":{"rendered":"<div class=\"cv-column cv-column--l-8 cv-column--m-8 cv-column--s-12 cv-product__content-column-title\">\n<h1 class=\"cv-product__title\"><span class=\"cv-product__title-info\">\u00dcbungsbuch mit L\u00f6sungen und Audios als Download<br \/>\nPassend zur neuen Pr\u00fcfung 2024<\/span><\/h1>\n<\/div>\n<div class=\"cv-column cv-column--l-8 cv-column--m-8 cv-column--s-12 cv-product__content-column-description\">\n<section class=\"cv-product__description\">\n<div class=\"cv-product__expansion-bar cv-expansion-bar\" data-component=\"TextCollapse\" data-prop-collapsed-height=\"100\" data-prop-collapsed-height-mobile=\"100\" data-prop-is-text-collapse-with-preview=\"true\" data-prop-content-id=\"collapsable-content-description-text\" data-prop-button-id=\"expand-content-button-description-text\">\n<div id=\"collapsable-content-description-text\" class=\"cv-expansion-bar__content-preview\" aria-hidden=\"false\">\n<div class=\"cv-product__description-item-description\">\n<div class=\"pim-producttext-standard\">\n<p><strong>Perfekt vorbereitet<\/strong><\/p>\n<p>Das Pr\u00fcfungstraining bereitet gezielt auf die\u00a0<strong>neue, ab 2024 geltende modulare Pr\u00fcfung\u00a0<em>Goethe-Zertifikat C1<\/em><\/strong>\u00a0vor. Es macht Lernende Schritt f\u00fcr Schritt mit den Pr\u00fcfungsformaten vertraut und bietet ein vielf\u00e4ltiges Trainingsprogramm mit zus\u00e4tzlichen Hinweisen, Tipps, L\u00f6sungen mit Erl\u00e4uterungen und gezielten \u00dcbungen.<\/p>\n<p>Es eignet sich sowohl f\u00fcr den Einsatz im Unterricht als auch f\u00fcr die selbstst\u00e4ndige Pr\u00fcfungsvorbereitung zu Hause.<\/p>\n<p>&nbsp;<\/p>\n<p><strong>Damit gelingt die erfolgreiche Pr\u00fcfungsvorbereitung<\/strong><\/p>\n<ul>\n<li><strong>Hinweise, Tipps<\/strong>\u00a0und\u00a0<strong>Strategien\u00a0<\/strong>f\u00fchren am Beispiel eines Modelltests in kleinen Schritten an die Deutsch als Fremdsprache-Pr\u00fcfung heran und geben Lernenden Sicherheit.<\/li>\n<li>Die\u00a0<strong>L\u00f6sungen mit Erl\u00e4uterungen<\/strong>\u00a0erkl\u00e4ren in einfacher Sprache, warum die L\u00f6sung richtig oder falsch ist und helfen so beim erfolgreichen Bearbeiten weiterer Aufgaben.<\/li>\n<li>Mit\u00a0<strong>zwei weiteren Modelltests<\/strong>\u00a0kann die Pr\u00fcfung realit\u00e4tsnah ge\u00fcbt werden.<\/li>\n<\/ul>\n<p>Die\u00a0<strong>Audiodateien\u00a0<\/strong>und die\u00a0<strong>Transkripte\u00a0<\/strong>der H\u00f6rtexte sind bequem als Download auf cornelsen.de\/codes verf\u00fcgbar. Die\u00a0<strong>L\u00f6sungen\u00a0<\/strong>finden Sie direkt im Buch.<\/p>\n<\/div>\n<\/div>\n<\/div>\n<\/div>\n<\/section>\n<\/div>\n","protected":false},"excerpt":{"rendered":"<p><span class=\"product-information__label\">ISBN:\u00a0 <\/span>978-3-06-123047-0<\/p>\n<p>&nbsp;<\/p>\n","protected":false},"featured_media":8163,"comment_status":"open","ping_status":"closed","template":"","meta":{"content-type":""},"product_brand":[233],"product_cat":[193,232],"product_tag":[],"class_list":{"0":"post-8162","1":"product","2":"type-product","3":"status-publish","4":"has-post-thumbnail","6":"product_brand-cornelsen-verlag","7":"product_cat-german","8":"product_cat-zertifikat","10":"first","11":"instock","12":"shipping-taxable","13":"purchasable","14":"product-type-simple"},"_links":{"self":[{"href":"https:\/\/adambookshop.com\/index.php?rest_route=\/wp\/v2\/product\/8162","targetHints":{"allow":["GET"]}}],"collection":[{"href":"https:\/\/adambookshop.com\/index.php?rest_route=\/wp\/v2\/product"}],"about":[{"href":"https:\/\/adambookshop.com\/index.php?rest_route=\/wp\/v2\/types\/product"}],"replies":[{"embeddable":true,"href":"https:\/\/adambookshop.com\/index.php?rest_route=%2Fwp%2Fv2%2Fcomments&post=8162"}],"wp:featuredmedia":[{"embeddable":true,"href":"https:\/\/adambookshop.com\/index.php?rest_route=\/wp\/v2\/media\/8163"}],"wp:attachment":[{"href":"https:\/\/adambookshop.com\/index.php?rest_route=%2Fwp%2Fv2%2Fmedia&parent=8162"}],"wp:term":[{"taxonomy":"product_brand","embeddable":true,"href":"https:\/\/adambookshop.com\/index.php?rest_route=%2Fwp%2Fv2%2Fproduct_brand&post=8162"},{"taxonomy":"product_cat","embeddable":true,"href":"https:\/\/adambookshop.com\/index.php?rest_route=%2Fwp%2Fv2%2Fproduct_cat&post=8162"},{"taxonomy":"product_tag","embeddable":true,"href":"https:\/\/adambookshop.com\/index.php?rest_route=%2Fwp%2Fv2%2Fproduct_tag&post=8162"}],"curies":[{"name":"wp","href":"https:\/\/api.w.org\/{rel}","templated":true}]}}