{"id":6340,"date":"2024-03-18T20:02:41","date_gmt":"2024-03-18T20:02:41","guid":{"rendered":"https:\/\/adambookshop.com\/?post_type=product&#038;p=6340"},"modified":"2025-05-05T16:22:57","modified_gmt":"2025-05-05T16:22:57","slug":"fusball","status":"publish","type":"product","link":"https:\/\/adambookshop.com\/?product=fusball","title":{"rendered":"Fu\u00dfball"},"content":{"rendered":"<p>Kondition ist ein entscheidender Leistungsfaktor im Fu\u00dfball. An ihrem Einfluss auf den Spielerfolg wird seit der WM 2006 nicht mehr gezweifelt. In &#8220;Fu\u00dfball \u2013 Erfolgsfaktor Kondition&#8221; wird der entscheidende Stellenwert der Kondition im Training begr\u00fcndet und erkl\u00e4rt, wie die Kondition trainiert und verbessert werden kann. Ein weiteres Ziel ist es, der Verletzungs- und Schadensvorbeugung den Stellenwert innerhalb eines Trainingssystems zu geben, der ihr geb\u00fchrt, denn nur topgesunde Spieler k\u00f6nnen ihr volles Leistungspotenzial entfalten.Die Realisierung von Technik und Taktik im Spiel, allgemein, besonders aber im erm\u00fcdeten Zustand, ist sehr stark von der Qualit\u00e4t konditioneller F\u00e4higkeiten abh\u00e4ngig und deshalb oft entscheidend f\u00fcr den Ausgang eines Spiels. Insofern macht das Wortspiel &#8220;Kondition ist nicht alles, doch ohne Kondition ist alles nichts&#8221; durchaus Sinn.In diesem Buch werden Trainern und Spielern konkrete M\u00f6glichkeiten aufgezeigt, ihre Kondition und somit ihr gesamtes Training zu optimieren und damit im Umkehrschluss den Erfolg zu steigern.<\/p>\n","protected":false},"excerpt":{"rendered":"<p>ISBN:9783898994514<\/p>\n","protected":false},"featured_media":6341,"comment_status":"open","ping_status":"closed","template":"","meta":{"content-type":""},"product_brand":[],"product_cat":[194,1033],"product_tag":[],"class_list":{"0":"post-6340","1":"product","2":"type-product","3":"status-publish","4":"has-post-thumbnail","6":"product_cat-english","7":"product_cat-soccer-and-football","9":"first","10":"instock","11":"taxable","12":"shipping-taxable","13":"purchasable","14":"product-type-simple"},"_links":{"self":[{"href":"https:\/\/adambookshop.com\/index.php?rest_route=\/wp\/v2\/product\/6340","targetHints":{"allow":["GET"]}}],"collection":[{"href":"https:\/\/adambookshop.com\/index.php?rest_route=\/wp\/v2\/product"}],"about":[{"href":"https:\/\/adambookshop.com\/index.php?rest_route=\/wp\/v2\/types\/product"}],"replies":[{"embeddable":true,"href":"https:\/\/adambookshop.com\/index.php?rest_route=%2Fwp%2Fv2%2Fcomments&post=6340"}],"wp:featuredmedia":[{"embeddable":true,"href":"https:\/\/adambookshop.com\/index.php?rest_route=\/wp\/v2\/media\/6341"}],"wp:attachment":[{"href":"https:\/\/adambookshop.com\/index.php?rest_route=%2Fwp%2Fv2%2Fmedia&parent=6340"}],"wp:term":[{"taxonomy":"product_brand","embeddable":true,"href":"https:\/\/adambookshop.com\/index.php?rest_route=%2Fwp%2Fv2%2Fproduct_brand&post=6340"},{"taxonomy":"product_cat","embeddable":true,"href":"https:\/\/adambookshop.com\/index.php?rest_route=%2Fwp%2Fv2%2Fproduct_cat&post=6340"},{"taxonomy":"product_tag","embeddable":true,"href":"https:\/\/adambookshop.com\/index.php?rest_route=%2Fwp%2Fv2%2Fproduct_tag&post=6340"}],"curies":[{"name":"wp","href":"https:\/\/api.w.org\/{rel}","templated":true}]}}