{"id":3990,"date":"2024-02-22T10:50:48","date_gmt":"2024-02-22T10:50:48","guid":{"rendered":"https:\/\/adambookshop.com\/?post_type=product&#038;p=3990"},"modified":"2024-02-22T10:50:48","modified_gmt":"2024-02-22T10:50:48","slug":"ubungsbuch-multiplizieren-und-dividieren","status":"publish","type":"product","link":"https:\/\/adambookshop.com\/?product=ubungsbuch-multiplizieren-und-dividieren","title":{"rendered":"\u00dcbungsbuch Multiplizieren und Dividieren"},"content":{"rendered":"<div id=\"bonuswebshop-search-detail\" class=\"row\">\n<div id=\"bonuswebshop-search-detail-text\" class=\"col-md-9 col-xs-12 \">\n<div id=\"zusatztext\">Mit den Beispielen aus dem Alltag der Kinder macht das Lernen des Einmaleins richtig Spa\u00df! Die abwechslungsreichen Aufgaben f\u00f6rdern und festigen das Einpr\u00e4gen der Zahlenreihen von eins bis zehn. Mit der abwischbaren Seite zum Ausklappen am Ende des Buches kann das Kind beliebig oft \u00fcben, bevor es die L\u00f6sungen ins Buch schreibt. Fehler sind dabei gar nicht schlimm, denn man kann einfach alles wegwischen und wieder von vorne beginnen\u2026<\/div>\n<\/div>\n<\/div>\n<div class=\"vlb-reihen card-item bg-primarycoler-white-opacity\"><\/div>\n","protected":false},"excerpt":{"rendered":"<p>ISBN:978-3-8494-5002-1<\/p>\n","protected":false},"featured_media":3992,"comment_status":"open","ping_status":"closed","template":"","meta":{"content-type":""},"product_brand":[],"product_cat":[185,193],"product_tag":[],"class_list":{"0":"post-3990","1":"product","2":"type-product","3":"status-publish","4":"has-post-thumbnail","6":"product_cat-educational","7":"product_cat-german","9":"first","10":"instock","11":"sale","12":"taxable","13":"shipping-taxable","14":"purchasable","15":"product-type-simple"},"_links":{"self":[{"href":"https:\/\/adambookshop.com\/index.php?rest_route=\/wp\/v2\/product\/3990","targetHints":{"allow":["GET"]}}],"collection":[{"href":"https:\/\/adambookshop.com\/index.php?rest_route=\/wp\/v2\/product"}],"about":[{"href":"https:\/\/adambookshop.com\/index.php?rest_route=\/wp\/v2\/types\/product"}],"replies":[{"embeddable":true,"href":"https:\/\/adambookshop.com\/index.php?rest_route=%2Fwp%2Fv2%2Fcomments&post=3990"}],"wp:featuredmedia":[{"embeddable":true,"href":"https:\/\/adambookshop.com\/index.php?rest_route=\/wp\/v2\/media\/3992"}],"wp:attachment":[{"href":"https:\/\/adambookshop.com\/index.php?rest_route=%2Fwp%2Fv2%2Fmedia&parent=3990"}],"wp:term":[{"taxonomy":"product_brand","embeddable":true,"href":"https:\/\/adambookshop.com\/index.php?rest_route=%2Fwp%2Fv2%2Fproduct_brand&post=3990"},{"taxonomy":"product_cat","embeddable":true,"href":"https:\/\/adambookshop.com\/index.php?rest_route=%2Fwp%2Fv2%2Fproduct_cat&post=3990"},{"taxonomy":"product_tag","embeddable":true,"href":"https:\/\/adambookshop.com\/index.php?rest_route=%2Fwp%2Fv2%2Fproduct_tag&post=3990"}],"curies":[{"name":"wp","href":"https:\/\/api.w.org\/{rel}","templated":true}]}}