{"id":3652,"date":"2024-02-15T13:45:37","date_gmt":"2024-02-15T13:45:37","guid":{"rendered":"http:\/\/adam-bookshop.local\/product\/ritter-lessen-verstehenwissen\/"},"modified":"2026-03-27T11:08:32","modified_gmt":"2026-03-27T11:08:32","slug":"ritter-lessen-verstehenwissen","status":"publish","type":"product","link":"https:\/\/adambookshop.com\/?product=ritter-lessen-verstehenwissen","title":{"rendered":"Dein Lesestart &#8211; Ritter"},"content":{"rendered":"<p>Vor langer Zeit lebten in Europa Ritter. Aber was waren ihre Aufgaben? Wie wurde man Ritter? Wie sah eine Ritterburg aus? Und was passierte bei einem Ritterturnier? Begleite Ritter Konrad ins Mittelalter, an den Hof des K\u00f6nigs und auf einen Kreuzzug. Lerne seine Familie, sein Leben und seine Burg kennen.<br \/>\nDie Erstlese-Reihe \u00bbDein Lesestart\u00ab f\u00f6rdert die Freude am selbstst\u00e4ndigen Lesen. Gro\u00dfe Schrift und einfache Texte erleichtern den Leseeinstieg. Mit Leser\u00e4tseln, Erkl\u00e4rungen kniffliger W\u00f6rter sowie zahlreichen Fotos und Illustrationen.<\/p>\n","protected":false},"excerpt":{"rendered":"<h2 class=\"col-12 product-detail-series-description\">Lesen &#8211; Verstehen &#8211; Wissen (Band 9) F\u00fcr Kinder ab 7 Jahren<\/h2>\n<p>&nbsp;<\/p>\n<p>ISBN: 978-3-41-178008-2<\/p>\n","protected":false},"featured_media":3651,"comment_status":"open","ping_status":"closed","template":"","meta":{"content-type":""},"product_brand":[995],"product_cat":[193,219],"product_tag":[],"class_list":{"0":"post-3652","1":"product","2":"type-product","3":"status-publish","4":"has-post-thumbnail","6":"product_brand-duden-verlag","7":"product_cat-german","8":"product_cat-kids-german","10":"first","11":"instock","12":"taxable","13":"shipping-taxable","14":"purchasable","15":"product-type-simple"},"_links":{"self":[{"href":"https:\/\/adambookshop.com\/index.php?rest_route=\/wp\/v2\/product\/3652","targetHints":{"allow":["GET"]}}],"collection":[{"href":"https:\/\/adambookshop.com\/index.php?rest_route=\/wp\/v2\/product"}],"about":[{"href":"https:\/\/adambookshop.com\/index.php?rest_route=\/wp\/v2\/types\/product"}],"replies":[{"embeddable":true,"href":"https:\/\/adambookshop.com\/index.php?rest_route=%2Fwp%2Fv2%2Fcomments&post=3652"}],"wp:featuredmedia":[{"embeddable":true,"href":"https:\/\/adambookshop.com\/index.php?rest_route=\/wp\/v2\/media\/3651"}],"wp:attachment":[{"href":"https:\/\/adambookshop.com\/index.php?rest_route=%2Fwp%2Fv2%2Fmedia&parent=3652"}],"wp:term":[{"taxonomy":"product_brand","embeddable":true,"href":"https:\/\/adambookshop.com\/index.php?rest_route=%2Fwp%2Fv2%2Fproduct_brand&post=3652"},{"taxonomy":"product_cat","embeddable":true,"href":"https:\/\/adambookshop.com\/index.php?rest_route=%2Fwp%2Fv2%2Fproduct_cat&post=3652"},{"taxonomy":"product_tag","embeddable":true,"href":"https:\/\/adambookshop.com\/index.php?rest_route=%2Fwp%2Fv2%2Fproduct_tag&post=3652"}],"curies":[{"name":"wp","href":"https:\/\/api.w.org\/{rel}","templated":true}]}}