{"id":3204,"date":"2024-02-05T14:22:49","date_gmt":"2024-02-05T14:22:49","guid":{"rendered":"http:\/\/adam-bookshop.local\/product\/studio-d-deutsch-als-fremdsprache-sprachtraining-a1\/"},"modified":"2025-05-04T13:04:37","modified_gmt":"2025-05-04T13:04:37","slug":"studio-d-deutsch-als-fremdsprache-sprachtraining-a1","status":"publish","type":"product","link":"https:\/\/adambookshop.com\/?product=studio-d-deutsch-als-fremdsprache-sprachtraining-a1","title":{"rendered":"Studio d \u00b7 Deutsch als Fremdsprache"},"content":{"rendered":"<div class=\"cv-column cv-column--l-8 cv-column--m-8 cv-column--s-12 cv-product__content-column-title\">\n<h1 class=\"cv-product__title\"><span class=\"cv-product__title-info\">Sprachtraining<\/span><\/h1>\n<\/div>\n<div class=\"cv-column cv-column--l-8 cv-column--m-8 cv-column--s-12 cv-product__content-column-description\">\n<section class=\"cv-product__description\">\n<div class=\"cv-product__expansion-bar cv-expansion-bar\" data-component=\"TextCollapse\" data-prop-collapsed-height=\"100\" data-prop-collapsed-height-mobile=\"100\" data-prop-is-text-collapse-with-preview=\"true\" data-prop-content-id=\"collapsable-content-description-text\" data-prop-button-id=\"expand-content-button-description-text\">\n<div id=\"collapsable-content-description-text\" class=\"cv-expansion-bar__content-preview\" aria-hidden=\"false\">\n<div class=\"cv-product__description-item-description\">\n<div class=\"pim-producttext-standard\">\n<p>Das Sprachtraining stellt zus\u00e4tzliches \u00dcbungsmaterial f\u00fcr die Einzelarbeit und f\u00fcr Intensivkurse bereit. Es unterst\u00fctzt vernetztes Denken und ermuntert zur Anwendung von Lerntechniken, mit denen die Kursteilnehmer\/-innen selbstst\u00e4ndiger und erfolgreicher Deutsch lernen. Die fakultativen Seiten\u00a0<em>Leben in Deutschland\u00a0<\/em>richten sich besonders an in Deutschland lebende Lerner und Lernerinnen.<\/p>\n<\/div>\n<\/div>\n<\/div>\n<\/div>\n<\/section>\n<\/div>\n","protected":false},"excerpt":{"rendered":"<h1 class=\"cv-product__title\"><span class=\"cv-product__title-subheading\">Grundstufe \u00b7 A1: Gesamtband<\/span><\/h1>\n<p>ISBN: 978-3-46-420708-6<\/p>\n","protected":false},"featured_media":3074,"comment_status":"open","ping_status":"closed","template":"","meta":{"content-type":""},"product_brand":[233],"product_cat":[193,184],"product_tag":[],"class_list":{"0":"post-3204","1":"product","2":"type-product","3":"status-publish","4":"has-post-thumbnail","6":"product_brand-cornelsen-verlag","7":"product_cat-german","8":"product_cat-german-courses","10":"first","11":"instock","12":"taxable","13":"shipping-taxable","14":"purchasable","15":"product-type-simple"},"_links":{"self":[{"href":"https:\/\/adambookshop.com\/index.php?rest_route=\/wp\/v2\/product\/3204","targetHints":{"allow":["GET"]}}],"collection":[{"href":"https:\/\/adambookshop.com\/index.php?rest_route=\/wp\/v2\/product"}],"about":[{"href":"https:\/\/adambookshop.com\/index.php?rest_route=\/wp\/v2\/types\/product"}],"replies":[{"embeddable":true,"href":"https:\/\/adambookshop.com\/index.php?rest_route=%2Fwp%2Fv2%2Fcomments&post=3204"}],"wp:featuredmedia":[{"embeddable":true,"href":"https:\/\/adambookshop.com\/index.php?rest_route=\/wp\/v2\/media\/3074"}],"wp:attachment":[{"href":"https:\/\/adambookshop.com\/index.php?rest_route=%2Fwp%2Fv2%2Fmedia&parent=3204"}],"wp:term":[{"taxonomy":"product_brand","embeddable":true,"href":"https:\/\/adambookshop.com\/index.php?rest_route=%2Fwp%2Fv2%2Fproduct_brand&post=3204"},{"taxonomy":"product_cat","embeddable":true,"href":"https:\/\/adambookshop.com\/index.php?rest_route=%2Fwp%2Fv2%2Fproduct_cat&post=3204"},{"taxonomy":"product_tag","embeddable":true,"href":"https:\/\/adambookshop.com\/index.php?rest_route=%2Fwp%2Fv2%2Fproduct_tag&post=3204"}],"curies":[{"name":"wp","href":"https:\/\/api.w.org\/{rel}","templated":true}]}}

<div class="cv-column cv-column--l-8 cv-column--m-8 cv-column--s-12 cv-product__content-column-title">
<h1 class="cv-product__title"><span class="cv-product__title-info">Sprachtraining</span></h1>
</div>
<div class="cv-column cv-column--l-8 cv-column--m-8 cv-column--s-12 cv-product__content-column-description">
<section class="cv-product__description">
<div class="cv-product__expansion-bar cv-expansion-bar" data-component="TextCollapse" data-prop-collapsed-height="100" data-prop-collapsed-height-mobile="100" data-prop-is-text-collapse-with-preview="true" data-prop-content-id="collapsable-content-description-text" data-prop-button-id="expand-content-button-description-text">
<div id="collapsable-content-description-text" class="cv-expansion-bar__content-preview" aria-hidden="false">
<div class="cv-product__description-item-description">
<div class="pim-producttext-standard">
<p>Das Sprachtraining stellt zusätzliches Übungsmaterial für die Einzelarbeit und für Intensivkurse bereit. Es unterstützt vernetztes Denken und ermuntert zur Anwendung von Lerntechniken, mit denen die Kursteilnehmer/-innen selbstständiger und erfolgreicher Deutsch lernen. Die fakultativen Seiten <em>Leben in Deutschland </em>richten sich besonders an in Deutschland lebende Lerner und Lernerinnen.</p>
</div>
</div>
</div>
</div>
</section>
</div>
