{"id":3189,"date":"2024-02-05T14:22:43","date_gmt":"2024-02-05T14:22:43","guid":{"rendered":"http:\/\/adam-bookshop.local\/product\/pluspunkt-deutsch-leben-in-deutschland-arbitsbuch-teilband-1-a1-1\/"},"modified":"2025-05-04T11:52:01","modified_gmt":"2025-05-04T11:52:01","slug":"pluspunkt-deutsch-leben-in-deutschland-arbitsbuch-teilband-1-a1-1","status":"publish","type":"product","link":"https:\/\/adambookshop.com\/?product=pluspunkt-deutsch-leben-in-deutschland-arbitsbuch-teilband-1-a1-1","title":{"rendered":"Pluspunkt Deutsch &#8211; Leben in Deutschland"},"content":{"rendered":"<div class=\"cv-column cv-column--l-8 cv-column--m-8 cv-column--s-12 cv-product__content-column-title\">\n<h1 class=\"cv-product__title\"><span class=\"cv-product__title-info\">Arbeitsbuch mit L\u00f6sungsbeileger<br \/>\nMit PagePlayer-App inkl. Audios<\/span><\/h1>\n<\/div>\n<div class=\"cv-column cv-column--l-8 cv-column--m-8 cv-column--s-12 cv-product__content-column-description\">\n<section class=\"cv-product__description\">\n<div class=\"cv-product__expansion-bar cv-expansion-bar\" data-component=\"TextCollapse\" data-prop-collapsed-height=\"100\" data-prop-collapsed-height-mobile=\"100\" data-prop-is-text-collapse-with-preview=\"true\" data-prop-content-id=\"collapsable-content-description-text\" data-prop-button-id=\"expand-content-button-description-text\">\n<div id=\"collapsable-content-description-text\" class=\"cv-expansion-bar__content-preview\" aria-hidden=\"false\">\n<div class=\"cv-product__description-item-description\">\n<div class=\"pim-producttext-standard\">\n<p>Das\u00a0<strong>Arbeitsbuch\u00a0<\/strong>zum Lehrwerk\u00a0<em>Pluspunkt Deutsch \u2013 Leben in Deutschland<\/em>\u00a0f\u00fcr Integrationskurse enth\u00e4lt ein vielf\u00e4ltiges Aufgaben- und \u00dcbungsangebot zu den Lektionen des Kursbuchs.<\/p>\n<ul>\n<li>Die Kursbuch-\u00dcbungen enthalten Verweise auf die zugeh\u00f6rigen \u00dcbungen im Arbeitsbuch, sodass sich die Arbeit mit beiden B\u00fcchern leicht abstimmen l\u00e4sst.<\/li>\n<li>Die Audios zum Arbeitsbuch k\u00f6nnen Sie \u00fcber die\u00a0<strong>kostenlose Cornelsen PagePlayer-App\u00a0<\/strong>abspielen oder in den\u00a0<strong>Webcodes\u00a0<\/strong>auf cornelsen.de\/codes streamen und herunterladen.<\/li>\n<\/ul>\n<p><strong>Das bietet das Arbeitsbuch<\/strong><\/p>\n<ul>\n<li><strong>Wiederholungs- und Vertiefungs\u00fcbungen<\/strong>\u00a0zum Lernstoff im Kursbuch sowie ein gezieltes Schreibtraining<\/li>\n<li><strong><em>Deutsch plus-<\/em>Seiten<\/strong>\u00a0mit weiteren Aufgaben, in denen vor allem Techniken und Strategien des\u00a0<strong>H\u00f6r- und Leseverstehens\u00a0<\/strong>ge\u00fcbt werden<\/li>\n<li><strong>Lernwortschatz\u00a0<\/strong>der Lektionen mit Platz zum Hinzuf\u00fcgen der \u00dcbersetzung in der Muttersprache<\/li>\n<li>\u00dcbungen mit Lerntipps f\u00fcr das\u00a0<strong>Vokabeltraining\u00a0<\/strong>und\u00a0<strong>Phonetik\u00fcbungen<\/strong>\u00a0zu schwierigen W\u00f6rtern<\/li>\n<li>Ein besonderes Plus: Seiten zur Wortschatzarbeit mit einem\u00a0<strong>Bildlexikon<\/strong>, \u00dcbungen und Lerntipps, die das Lernen neuer Vokabeln erleichtern<\/li>\n<li>Aufgaben zur\u00a0<strong>Selbstevaluation\u00a0<\/strong>in allen Arbeitsbuch-Stationen<\/li>\n<li>Im Anhang des Arbeitsbuches: eine\u00a0<strong>systematische Zusammenfassung der Grammatik<\/strong><\/li>\n<\/ul>\n<\/div>\n<\/div>\n<\/div>\n<\/div>\n<\/section>\n<\/div>\n","protected":false},"excerpt":{"rendered":"<h1 class=\"cv-product__title\"><span class=\"cv-product__title-subheading\">Allgemeine Ausgabe \u00b7 A1: Teilband 1<\/span><\/h1>\n<p>ISBN: 978-3-06-120564-5<\/p>\n","protected":false},"featured_media":3044,"comment_status":"open","ping_status":"closed","template":"","meta":{"content-type":""},"product_brand":[233],"product_cat":[193,184],"product_tag":[],"class_list":{"0":"post-3189","1":"product","2":"type-product","3":"status-publish","4":"has-post-thumbnail","6":"product_brand-cornelsen-verlag","7":"product_cat-german","8":"product_cat-german-courses","10":"first","11":"instock","12":"taxable","13":"shipping-taxable","14":"purchasable","15":"product-type-simple"},"_links":{"self":[{"href":"https:\/\/adambookshop.com\/index.php?rest_route=\/wp\/v2\/product\/3189","targetHints":{"allow":["GET"]}}],"collection":[{"href":"https:\/\/adambookshop.com\/index.php?rest_route=\/wp\/v2\/product"}],"about":[{"href":"https:\/\/adambookshop.com\/index.php?rest_route=\/wp\/v2\/types\/product"}],"replies":[{"embeddable":true,"href":"https:\/\/adambookshop.com\/index.php?rest_route=%2Fwp%2Fv2%2Fcomments&post=3189"}],"wp:featuredmedia":[{"embeddable":true,"href":"https:\/\/adambookshop.com\/index.php?rest_route=\/wp\/v2\/media\/3044"}],"wp:attachment":[{"href":"https:\/\/adambookshop.com\/index.php?rest_route=%2Fwp%2Fv2%2Fmedia&parent=3189"}],"wp:term":[{"taxonomy":"product_brand","embeddable":true,"href":"https:\/\/adambookshop.com\/index.php?rest_route=%2Fwp%2Fv2%2Fproduct_brand&post=3189"},{"taxonomy":"product_cat","embeddable":true,"href":"https:\/\/adambookshop.com\/index.php?rest_route=%2Fwp%2Fv2%2Fproduct_cat&post=3189"},{"taxonomy":"product_tag","embeddable":true,"href":"https:\/\/adambookshop.com\/index.php?rest_route=%2Fwp%2Fv2%2Fproduct_tag&post=3189"}],"curies":[{"name":"wp","href":"https:\/\/api.w.org\/{rel}","templated":true}]}}