{"id":3181,"date":"2024-02-05T14:22:40","date_gmt":"2024-02-05T14:22:40","guid":{"rendered":"http:\/\/adam-bookshop.local\/product\/studio-express-a1-kompaktkurs-deutch-kursbuch-ubungsbuch\/"},"modified":"2025-05-01T00:00:09","modified_gmt":"2025-05-01T00:00:09","slug":"studio-express-a1-kompaktkurs-deutch-kursbuch-ubungsbuch","status":"publish","type":"product","link":"https:\/\/adambookshop.com\/?product=studio-express-a1-kompaktkurs-deutch-kursbuch-ubungsbuch","title":{"rendered":"Studio [express] A1"},"content":{"rendered":"<div class=\"cv-column cv-column--l-8 cv-column--m-8 cv-column--s-12 cv-product__content-column-title\">\n<h1 class=\"cv-product__title\"><span class=\"cv-product__title-info\">Kurs- und \u00dcbungsbuch mit Audios online<br \/>\nInkl. E-Book<\/span><\/h1>\n<\/div>\n<div class=\"cv-column cv-column--l-8 cv-column--m-8 cv-column--s-12 cv-product__content-column-description\">\n<section class=\"cv-product__description\">\n<div class=\"cv-product__expansion-bar cv-expansion-bar\" data-component=\"TextCollapse\" data-prop-collapsed-height=\"100\" data-prop-collapsed-height-mobile=\"100\" data-prop-is-text-collapse-with-preview=\"true\" data-prop-content-id=\"collapsable-content-description-text\" data-prop-button-id=\"expand-content-button-description-text\">\n<div id=\"collapsable-content-description-text\" class=\"cv-expansion-bar__content-preview\" aria-hidden=\"false\">\n<div class=\"cv-product__description-item-description\">\n<div class=\"pim-producttext-standard\">\n<p>Alle Begleitmaterialien wie Audios oder interaktive \u00dcbungen k\u00f6nnen Sie auf cornelsen.de\/codes ganz einfach herunterladen.<\/p>\n<p>Das Kurs- und \u00dcbungsbuch enth\u00e4lt einen eingedruckten Lizenzcode zur kostenlosen Freischaltung des E-Books und der interaktiven \u00dcbungen auf mein.cornelsen.de.<\/p>\n<p>Der Kompaktkurs\u00a0<em>Studio [express]<\/em>\u00a0eignet sich ideal f\u00fcr Intensivkurse, die auf Studium und Beruf in deutschsprachigen L\u00e4ndern vorbereiten. Mit ca. 300 Stunden Bearbeitungszeit (A1 bis B1) im Pr\u00e4senzunterricht f\u00fchrt das schlanke Printprodukt schnell zur Niveaustufe B1 des Gemeinsamen europ\u00e4ischen Referenzrahmens. Die erg\u00e4nzenden interaktiven Online-\u00dcbungen begleiten die Lernenden in s\u00e4mtlichen Phasen ihres Lernprozesses.<\/p>\n<\/div>\n<\/div>\n<\/div>\n<\/div>\n<\/section>\n<\/div>\n","protected":false},"excerpt":{"rendered":"<p>Kurs- und \u00dcbungsbuch mit Audios online Inkl. E-Book Alle Begleitmaterialien wie Audios oder interaktive \u00dcbungen k\u00f6nnen Sie auf cornelsen.de\/codes ganz einfach herunterladen. Das Kurs- und \u00dcbungsbuch enth\u00e4lt einen eingedruckten Lizenzcode zur kostenlosen Freischaltung des E-Books und der interaktiven \u00dcbungen auf mein.cornelsen.de. Der Kompaktkurs\u00a0Studio [express]\u00a0eignet sich ideal f\u00fcr Intensivkurse, die auf Studium und Beruf in deutschsprachigen [&hellip;]<\/p>\n","protected":false},"featured_media":3028,"comment_status":"open","ping_status":"closed","template":"","meta":{"content-type":""},"product_brand":[233],"product_cat":[193,184],"product_tag":[],"class_list":{"0":"post-3181","1":"product","2":"type-product","3":"status-publish","4":"has-post-thumbnail","6":"product_brand-cornelsen-verlag","7":"product_cat-german","8":"product_cat-german-courses","10":"first","11":"instock","12":"taxable","13":"shipping-taxable","14":"purchasable","15":"product-type-simple"},"_links":{"self":[{"href":"https:\/\/adambookshop.com\/index.php?rest_route=\/wp\/v2\/product\/3181","targetHints":{"allow":["GET"]}}],"collection":[{"href":"https:\/\/adambookshop.com\/index.php?rest_route=\/wp\/v2\/product"}],"about":[{"href":"https:\/\/adambookshop.com\/index.php?rest_route=\/wp\/v2\/types\/product"}],"replies":[{"embeddable":true,"href":"https:\/\/adambookshop.com\/index.php?rest_route=%2Fwp%2Fv2%2Fcomments&post=3181"}],"wp:featuredmedia":[{"embeddable":true,"href":"https:\/\/adambookshop.com\/index.php?rest_route=\/wp\/v2\/media\/3028"}],"wp:attachment":[{"href":"https:\/\/adambookshop.com\/index.php?rest_route=%2Fwp%2Fv2%2Fmedia&parent=3181"}],"wp:term":[{"taxonomy":"product_brand","embeddable":true,"href":"https:\/\/adambookshop.com\/index.php?rest_route=%2Fwp%2Fv2%2Fproduct_brand&post=3181"},{"taxonomy":"product_cat","embeddable":true,"href":"https:\/\/adambookshop.com\/index.php?rest_route=%2Fwp%2Fv2%2Fproduct_cat&post=3181"},{"taxonomy":"product_tag","embeddable":true,"href":"https:\/\/adambookshop.com\/index.php?rest_route=%2Fwp%2Fv2%2Fproduct_tag&post=3181"}],"curies":[{"name":"wp","href":"https:\/\/api.w.org\/{rel}","templated":true}]}}