{"id":12194,"date":"2025-12-10T13:12:47","date_gmt":"2025-12-10T13:12:47","guid":{"rendered":"https:\/\/adambookshop.com\/?post_type=product&#038;p=12194"},"modified":"2025-12-10T13:12:47","modified_gmt":"2025-12-10T13:12:47","slug":"das-junge-kairo-2","status":"publish","type":"product","link":"https:\/\/adambookshop.com\/?product=das-junge-kairo-2","title":{"rendered":"Das junge Kairo"},"content":{"rendered":"<p>Als der ambitionierte Student Machgub erkennt, dass es ohne die richtigen Beziehungen keine Jobs gibt, sieht er sich gezwungen, einem tr\u00fcgerischen Abkommen zuzustimmen: Er soll eine Frau, die ihre Unschuld verloren hat, zur Rettung ihrer Ehre heiraten \u2013 ohne seine Braut vorher gesehen zu haben. Dar\u00fcber hinaus fordert der Verf\u00fchrer dieses M\u00e4dchens, ein hochrangiger Beamter, weiterhin regelm\u00e4\u00dfiges Besuchsrecht bei seiner Geliebten. Im Gegenzug erh\u00e4lt Machgub eine Position im Ministerium. Was f\u00fcr ihn zun\u00e4chst als blo\u00dfe \u00dcberlebensstrategie beginnt, entpuppt sich bald als faustischer Pakt mit unabsehbaren Folgen<\/p>\n","protected":false},"excerpt":{"rendered":"<p>ISBN:9783293206045<\/p>\n<p>&nbsp;<\/p>\n","protected":false},"featured_media":12196,"comment_status":"open","ping_status":"closed","template":"","meta":{"content-type":""},"product_brand":[],"product_cat":[193,217],"product_tag":[],"class_list":{"0":"post-12194","1":"product","2":"type-product","3":"status-publish","4":"has-post-thumbnail","6":"product_cat-german","7":"product_cat-novels-german","8":"pa_format-paperback","10":"first","11":"instock","12":"taxable","13":"shipping-taxable","14":"purchasable","15":"product-type-simple"},"_links":{"self":[{"href":"https:\/\/adambookshop.com\/index.php?rest_route=\/wp\/v2\/product\/12194","targetHints":{"allow":["GET"]}}],"collection":[{"href":"https:\/\/adambookshop.com\/index.php?rest_route=\/wp\/v2\/product"}],"about":[{"href":"https:\/\/adambookshop.com\/index.php?rest_route=\/wp\/v2\/types\/product"}],"replies":[{"embeddable":true,"href":"https:\/\/adambookshop.com\/index.php?rest_route=%2Fwp%2Fv2%2Fcomments&post=12194"}],"wp:featuredmedia":[{"embeddable":true,"href":"https:\/\/adambookshop.com\/index.php?rest_route=\/wp\/v2\/media\/12196"}],"wp:attachment":[{"href":"https:\/\/adambookshop.com\/index.php?rest_route=%2Fwp%2Fv2%2Fmedia&parent=12194"}],"wp:term":[{"taxonomy":"product_brand","embeddable":true,"href":"https:\/\/adambookshop.com\/index.php?rest_route=%2Fwp%2Fv2%2Fproduct_brand&post=12194"},{"taxonomy":"product_cat","embeddable":true,"href":"https:\/\/adambookshop.com\/index.php?rest_route=%2Fwp%2Fv2%2Fproduct_cat&post=12194"},{"taxonomy":"product_tag","embeddable":true,"href":"https:\/\/adambookshop.com\/index.php?rest_route=%2Fwp%2Fv2%2Fproduct_tag&post=12194"}],"curies":[{"name":"wp","href":"https:\/\/api.w.org\/{rel}","templated":true}]}}