{"id":12067,"date":"2025-12-05T15:59:13","date_gmt":"2025-12-05T15:59:13","guid":{"rendered":"https:\/\/adambookshop.com\/?post_type=product&#038;p=12067"},"modified":"2025-12-05T15:59:13","modified_gmt":"2025-12-05T15:59:13","slug":"bitte-nicht-offnen-1-bissig","status":"publish","type":"product","link":"https:\/\/adambookshop.com\/?product=bitte-nicht-offnen-1-bissig","title":{"rendered":"Bitte nicht \u00f6ffnen 1: Bissig!"},"content":{"rendered":"<p>&#8220;Bitte nicht \u00f6ffnen!&#8221; steht auf dem geheimnisvollen P\u00e4ckchen, das Nemo bekommt. Klare Sache: Nemo macht es auf &#8230; Und dann passieren drei Dinge: 1. Eine Pl\u00fcschfigur springt heraus, ein verfressener Yeti-Ritter namens Icy-Ice-Monsta \u2013 quicklebendig! 2. Drau\u00dfen schneit es \u2013 und das mitten im Sommer! 3. Und der Yeti wird gro\u00df. Sehr gro\u00df. Zweieinhalb Meter gro\u00df! W\u00e4hrend die Kleinstadt Boring in Schnee und Eis versinkt, kommen Nemo und seine Freunde ordentlich ins Schwitzen. Denn wie, bittesch\u00f6n, versteckt man einen Yeti? Ein turbulenter Wettlauf gegen die Zeit beginnt &#8230; Schule, Abenteuer, Freundschaft, ein verlorenes Wesen, das nach Hause will &#8211; hier ist alles dabei und doch alles ganz anders. Das perfekte Buch f\u00fcr Jungs und M\u00e4dchen &#8211; wunderbar sprachwitzig erz\u00e4hlt von Charlotte Habersack, aufwendig illustriert vom unverwechselbaren Fr\u00e9deric Bertrand.<\/p>\n","protected":false},"excerpt":{"rendered":"<p>ISBN:9783551652119<\/p>\n<p>&nbsp;<\/p>\n","protected":false},"featured_media":12068,"comment_status":"open","ping_status":"closed","template":"","meta":{"content-type":""},"product_brand":[],"product_cat":[193,217],"product_tag":[],"class_list":{"0":"post-12067","1":"product","2":"type-product","3":"status-publish","4":"has-post-thumbnail","6":"product_cat-german","7":"product_cat-novels-german","8":"pa_format-hardcover","10":"first","11":"instock","12":"taxable","13":"shipping-taxable","14":"purchasable","15":"product-type-simple"},"_links":{"self":[{"href":"https:\/\/adambookshop.com\/index.php?rest_route=\/wp\/v2\/product\/12067","targetHints":{"allow":["GET"]}}],"collection":[{"href":"https:\/\/adambookshop.com\/index.php?rest_route=\/wp\/v2\/product"}],"about":[{"href":"https:\/\/adambookshop.com\/index.php?rest_route=\/wp\/v2\/types\/product"}],"replies":[{"embeddable":true,"href":"https:\/\/adambookshop.com\/index.php?rest_route=%2Fwp%2Fv2%2Fcomments&post=12067"}],"wp:featuredmedia":[{"embeddable":true,"href":"https:\/\/adambookshop.com\/index.php?rest_route=\/wp\/v2\/media\/12068"}],"wp:attachment":[{"href":"https:\/\/adambookshop.com\/index.php?rest_route=%2Fwp%2Fv2%2Fmedia&parent=12067"}],"wp:term":[{"taxonomy":"product_brand","embeddable":true,"href":"https:\/\/adambookshop.com\/index.php?rest_route=%2Fwp%2Fv2%2Fproduct_brand&post=12067"},{"taxonomy":"product_cat","embeddable":true,"href":"https:\/\/adambookshop.com\/index.php?rest_route=%2Fwp%2Fv2%2Fproduct_cat&post=12067"},{"taxonomy":"product_tag","embeddable":true,"href":"https:\/\/adambookshop.com\/index.php?rest_route=%2Fwp%2Fv2%2Fproduct_tag&post=12067"}],"curies":[{"name":"wp","href":"https:\/\/api.w.org\/{rel}","templated":true}]}}