{"id":12006,"date":"2025-12-01T11:06:15","date_gmt":"2025-12-01T11:06:15","guid":{"rendered":"https:\/\/adambookshop.com\/?post_type=product&#038;p=12006"},"modified":"2025-12-01T11:06:16","modified_gmt":"2025-12-01T11:06:16","slug":"le-tour-du-monde-en-80-jours","status":"publish","type":"product","link":"https:\/\/adambookshop.com\/?product=le-tour-du-monde-en-80-jours","title":{"rendered":"Le tour du monde en 80 jours"},"content":{"rendered":"<p>Voici le chef-d\u2019oeuvre de l\u2019un des \u00e9crivains les plus lus dans le monde : le voyage haletant de Phileas Fogg, Passepartout et la princesse Aouda fait partie du patrimoine<br \/>\nlitt\u00e9raire mondial. Leur aventure marque la fin de l\u2019\u00e2ge de l\u2019exploration pour ouvrir l\u2019\u00e8re de la modernit\u00e9 : c\u2019est d\u00e9sormais en ligne droite, dans un espace-temps r\u00e9duit \u00e0 une seule dimension, que le tour du monde s\u2019accomplit.<br \/>\nMais ce voyage lin\u00e9aire, loin de n\u2019\u00eatre qu\u2019un d\u00e9risoire retour au point de d\u00e9part, est avant tout le terrain d\u2019une transformation : l\u2019excentrique gentleman qui regagne le 7, Savile Row n\u2019est-il pas devenu \u00ab le plus heureux des hommes \u00bb ?<\/p>\n","protected":false},"excerpt":{"rendered":"<p>ISBN:9782070357758<\/p>\n<p>&nbsp;<\/p>\n","protected":false},"featured_media":12007,"comment_status":"open","ping_status":"closed","template":"","meta":{"content-type":""},"product_brand":[525],"product_cat":[220,15],"product_tag":[],"class_list":{"0":"post-12006","1":"product","2":"type-product","3":"status-publish","4":"has-post-thumbnail","6":"product_brand-525","7":"product_cat-adult","8":"product_cat-french","9":"pa_format-paperback","11":"first","12":"instock","13":"taxable","14":"shipping-taxable","15":"purchasable","16":"product-type-simple"},"_links":{"self":[{"href":"https:\/\/adambookshop.com\/index.php?rest_route=\/wp\/v2\/product\/12006","targetHints":{"allow":["GET"]}}],"collection":[{"href":"https:\/\/adambookshop.com\/index.php?rest_route=\/wp\/v2\/product"}],"about":[{"href":"https:\/\/adambookshop.com\/index.php?rest_route=\/wp\/v2\/types\/product"}],"replies":[{"embeddable":true,"href":"https:\/\/adambookshop.com\/index.php?rest_route=%2Fwp%2Fv2%2Fcomments&post=12006"}],"wp:featuredmedia":[{"embeddable":true,"href":"https:\/\/adambookshop.com\/index.php?rest_route=\/wp\/v2\/media\/12007"}],"wp:attachment":[{"href":"https:\/\/adambookshop.com\/index.php?rest_route=%2Fwp%2Fv2%2Fmedia&parent=12006"}],"wp:term":[{"taxonomy":"product_brand","embeddable":true,"href":"https:\/\/adambookshop.com\/index.php?rest_route=%2Fwp%2Fv2%2Fproduct_brand&post=12006"},{"taxonomy":"product_cat","embeddable":true,"href":"https:\/\/adambookshop.com\/index.php?rest_route=%2Fwp%2Fv2%2Fproduct_cat&post=12006"},{"taxonomy":"product_tag","embeddable":true,"href":"https:\/\/adambookshop.com\/index.php?rest_route=%2Fwp%2Fv2%2Fproduct_tag&post=12006"}],"curies":[{"name":"wp","href":"https:\/\/api.w.org\/{rel}","templated":true}]}}