{"id":11970,"date":"2025-12-01T09:26:12","date_gmt":"2025-12-01T09:26:12","guid":{"rendered":"https:\/\/adambookshop.com\/?post_type=product&#038;p=11970"},"modified":"2025-12-01T09:26:13","modified_gmt":"2025-12-01T09:26:13","slug":"le-pays-des-autres","status":"publish","type":"product","link":"https:\/\/adambookshop.com\/?product=le-pays-des-autres","title":{"rendered":"Le pays des autres"},"content":{"rendered":"<p>\u00ab Ici, c\u2019est comme \u00e7a. \u00bb<br \/>\nCette phrase, elle l\u2019entendrait souvent. \u00c0 cet instant pr\u00e9cis, elle comprit qu\u2019elle \u00e9tait une \u00e9trang\u00e8re, une femme, une \u00e9pouse, un \u00eatre \u00e0 la merci des autres.<br \/>\nEn 1944, Mathilde tombe amoureuse d\u2019Amine, un Marocain venu combattre dans l\u2019arm\u00e9e fran\u00e7aise. R\u00eavant de quitter son Alsace natale, la jeune femme s\u2019installe avec lui \u00e0 Mekn\u00e8s pour y fonder une famille. Mais les d\u00e9sillusions s\u2019accumulent : le manque d\u2019argent, le racisme et les humiliations fragilisent leur couple. Dans ce pays ambivalent, qui r\u00e9clame une ind\u00e9pendance que les hommes refusent pourtant aux femmes, Mathilde r\u00e9ussira-t-elle \u00e0 poursuivre sa qu\u00eate de libert\u00e9 sans heurter ceux qu\u2019elle aime ?<\/p>\n","protected":false},"excerpt":{"rendered":"<p>ISBN:9782072923470<\/p>\n<p>&nbsp;<\/p>\n","protected":false},"featured_media":11971,"comment_status":"open","ping_status":"closed","template":"","meta":{"content-type":""},"product_brand":[525],"product_cat":[220,15],"product_tag":[],"class_list":{"0":"post-11970","1":"product","2":"type-product","3":"status-publish","4":"has-post-thumbnail","6":"product_brand-525","7":"product_cat-adult","8":"product_cat-french","9":"pa_format-paperback","11":"first","12":"instock","13":"taxable","14":"shipping-taxable","15":"purchasable","16":"product-type-simple"},"_links":{"self":[{"href":"https:\/\/adambookshop.com\/index.php?rest_route=\/wp\/v2\/product\/11970","targetHints":{"allow":["GET"]}}],"collection":[{"href":"https:\/\/adambookshop.com\/index.php?rest_route=\/wp\/v2\/product"}],"about":[{"href":"https:\/\/adambookshop.com\/index.php?rest_route=\/wp\/v2\/types\/product"}],"replies":[{"embeddable":true,"href":"https:\/\/adambookshop.com\/index.php?rest_route=%2Fwp%2Fv2%2Fcomments&post=11970"}],"wp:featuredmedia":[{"embeddable":true,"href":"https:\/\/adambookshop.com\/index.php?rest_route=\/wp\/v2\/media\/11971"}],"wp:attachment":[{"href":"https:\/\/adambookshop.com\/index.php?rest_route=%2Fwp%2Fv2%2Fmedia&parent=11970"}],"wp:term":[{"taxonomy":"product_brand","embeddable":true,"href":"https:\/\/adambookshop.com\/index.php?rest_route=%2Fwp%2Fv2%2Fproduct_brand&post=11970"},{"taxonomy":"product_cat","embeddable":true,"href":"https:\/\/adambookshop.com\/index.php?rest_route=%2Fwp%2Fv2%2Fproduct_cat&post=11970"},{"taxonomy":"product_tag","embeddable":true,"href":"https:\/\/adambookshop.com\/index.php?rest_route=%2Fwp%2Fv2%2Fproduct_tag&post=11970"}],"curies":[{"name":"wp","href":"https:\/\/api.w.org\/{rel}","templated":true}]}}