{"id":10965,"date":"2025-05-13T11:12:56","date_gmt":"2025-05-13T11:12:56","guid":{"rendered":"https:\/\/adambookshop.com\/?post_type=product&#038;p=10965"},"modified":"2025-05-13T11:12:56","modified_gmt":"2025-05-13T11:12:56","slug":"sudoku-fur-kids","status":"publish","type":"product","link":"https:\/\/adambookshop.com\/?product=sudoku-fur-kids","title":{"rendered":"Sudoku f\u00fcr Kids"},"content":{"rendered":"<p>Sudokus f\u00f6rdern die Konzentration und das mathematische Denken. Die Sudokus in diesem Heft speziell f\u00fcr Kinder mit aufsteigendem Schwierigkeitsgrad. So k\u00f6nnen sich Anf\u00e4nger allm\u00e4hlich herantasten und L\u00f6sungsstrategien entwickeln.<\/p>\n","protected":false},"excerpt":{"rendered":"<p>Sudokus f\u00f6rdern die Konzentration und das mathematische Denken. Die Sudokus in diesem Heft speziell f\u00fcr Kinder mit aufsteigendem Schwierigkeitsgrad. So k\u00f6nnen sich Anf\u00e4nger allm\u00e4hlich herantasten und L\u00f6sungsstrategien entwickeln.<\/p>\n","protected":false},"featured_media":10966,"comment_status":"open","ping_status":"closed","template":"","meta":{"content-type":""},"product_brand":[1110],"product_cat":[1108],"product_tag":[],"class_list":{"0":"post-10965","1":"product","2":"type-product","3":"status-publish","4":"has-post-thumbnail","6":"product_brand-nfv","7":"product_cat-activities-colouring-books","8":"pa_format-paperback","10":"first","11":"instock","12":"taxable","13":"shipping-taxable","14":"purchasable","15":"product-type-simple"},"_links":{"self":[{"href":"https:\/\/adambookshop.com\/index.php?rest_route=\/wp\/v2\/product\/10965","targetHints":{"allow":["GET"]}}],"collection":[{"href":"https:\/\/adambookshop.com\/index.php?rest_route=\/wp\/v2\/product"}],"about":[{"href":"https:\/\/adambookshop.com\/index.php?rest_route=\/wp\/v2\/types\/product"}],"replies":[{"embeddable":true,"href":"https:\/\/adambookshop.com\/index.php?rest_route=%2Fwp%2Fv2%2Fcomments&post=10965"}],"wp:featuredmedia":[{"embeddable":true,"href":"https:\/\/adambookshop.com\/index.php?rest_route=\/wp\/v2\/media\/10966"}],"wp:attachment":[{"href":"https:\/\/adambookshop.com\/index.php?rest_route=%2Fwp%2Fv2%2Fmedia&parent=10965"}],"wp:term":[{"taxonomy":"product_brand","embeddable":true,"href":"https:\/\/adambookshop.com\/index.php?rest_route=%2Fwp%2Fv2%2Fproduct_brand&post=10965"},{"taxonomy":"product_cat","embeddable":true,"href":"https:\/\/adambookshop.com\/index.php?rest_route=%2Fwp%2Fv2%2Fproduct_cat&post=10965"},{"taxonomy":"product_tag","embeddable":true,"href":"https:\/\/adambookshop.com\/index.php?rest_route=%2Fwp%2Fv2%2Fproduct_tag&post=10965"}],"curies":[{"name":"wp","href":"https:\/\/api.w.org\/{rel}","templated":true}]}}