{"id":10470,"date":"2025-05-07T15:15:14","date_gmt":"2025-05-07T15:15:14","guid":{"rendered":"https:\/\/adambookshop.com\/?post_type=product&#038;p=10470"},"modified":"2025-05-07T15:18:53","modified_gmt":"2025-05-07T15:18:53","slug":"so-schreibe-ich-fehlerfrei-ubungsblock-2-klasse","status":"publish","type":"product","link":"https:\/\/adambookshop.com\/?product=so-schreibe-ich-fehlerfrei-ubungsblock-2-klasse","title":{"rendered":"So schreibe ich fehlerfrei &#8211; \u00dcbungsblock 2. Klasse"},"content":{"rendered":"<h2>So wirst du zum Rechtschreibprofi!<\/h2>\n<p>\u203a Mit den Rechtschreibstrategien zur richtigen Schreibung von W\u00f6rtern<br \/>\n\u203a Abwechslungsreiche Aufgaben<br \/>\n\u203a Motivierendes R\u00e4tsel f\u00fcr mehr Spa\u00df beim \u00dcben<br \/>\n\u203a Von erfahrenen Grundschulp\u00e4dagoginnen entwickelt<\/p>\n<h2>\nIdeal in Kombination mit dem \u00bbGrundschulw\u00f6rterbuch\u00ab und \u00bbSo schreibe ich fehlerfrei\u00ab von Duden<\/h2>\n","protected":false},"excerpt":{"rendered":"<h2 class=\"col-12 product-detail-series-description\">2. Klasse<\/h2>\n<p>&nbsp;<\/p>\n<p>ISBN: 9783411771011<\/p>\n","protected":false},"featured_media":10471,"comment_status":"open","ping_status":"closed","template":"","meta":{"content-type":""},"product_brand":[995],"product_cat":[201],"product_tag":[],"class_list":{"0":"post-10470","1":"product","2":"type-product","3":"status-publish","4":"has-post-thumbnail","6":"product_brand-duden-verlag","7":"product_cat-duden","8":"pa_format-paperback","10":"first","11":"instock","12":"taxable","13":"shipping-taxable","14":"purchasable","15":"product-type-simple"},"_links":{"self":[{"href":"https:\/\/adambookshop.com\/index.php?rest_route=\/wp\/v2\/product\/10470","targetHints":{"allow":["GET"]}}],"collection":[{"href":"https:\/\/adambookshop.com\/index.php?rest_route=\/wp\/v2\/product"}],"about":[{"href":"https:\/\/adambookshop.com\/index.php?rest_route=\/wp\/v2\/types\/product"}],"replies":[{"embeddable":true,"href":"https:\/\/adambookshop.com\/index.php?rest_route=%2Fwp%2Fv2%2Fcomments&post=10470"}],"wp:featuredmedia":[{"embeddable":true,"href":"https:\/\/adambookshop.com\/index.php?rest_route=\/wp\/v2\/media\/10471"}],"wp:attachment":[{"href":"https:\/\/adambookshop.com\/index.php?rest_route=%2Fwp%2Fv2%2Fmedia&parent=10470"}],"wp:term":[{"taxonomy":"product_brand","embeddable":true,"href":"https:\/\/adambookshop.com\/index.php?rest_route=%2Fwp%2Fv2%2Fproduct_brand&post=10470"},{"taxonomy":"product_cat","embeddable":true,"href":"https:\/\/adambookshop.com\/index.php?rest_route=%2Fwp%2Fv2%2Fproduct_cat&post=10470"},{"taxonomy":"product_tag","embeddable":true,"href":"https:\/\/adambookshop.com\/index.php?rest_route=%2Fwp%2Fv2%2Fproduct_tag&post=10470"}],"curies":[{"name":"wp","href":"https:\/\/api.w.org\/{rel}","templated":true}]}}